factors of z.
2
Let j = 5 - -9. What are the prime factors of j?
2, 7
Suppose 0 = 4*s - 0*s. Suppose 0 = -3*w - s*w + 6. Suppose -11 = -w*f - a + 2*a, -5*a = -5*f + 40. List the prime factors of f.
3
Let f be 4/(-3*(-2)/(-69)). Let o be (-10)/35 - f/14. Suppose -o*q = 4*a - 11, -5*q = -5*a - q + 6. List the prime factors of a.
2
Suppose -2*d = -4*d - 4*q + 12, 2*d - 5*q = -6. Suppose -48 = -d*n - n. What are the prime factors of n?
2
Suppose -4*p = -3*h - 69, 4*h - 3*h - 72 = -5*p. Let x = p - 8. What are the prime factors of x?
7
Let k = 206 + -92. List the prime factors of 2/(-3) + k/9.
2, 3
Let a be (-36)/14*(-14)/3. List the prime factors of ((-75)/30)/((-1)/a).
2, 3, 5
Suppose 6*r = -4*a + r + 376, 5*r = -20. List the prime factors of a.
3, 11
Suppose 3*f + f - 12 = 0. Suppose y + 38 = 4*z - y, f*z + y - 31 = 0. What are the prime factors of 36/20 - (-2)/z?
2
Suppose 10*p - 460 = 5*p. What are the prime factors of p?
2, 23
Suppose -182 = -5*w + 3*w. List the prime factors of w.
7, 13
Let c = 25 + -28. Suppose 2*i - g = 2*g + 15, -3*g = 4*i - 21. Let m = c + i. List the prime factors of m.
3
Let v = -73 - -103. List the prime factors of v.
2, 3, 5
Let w(l) be the first derivative of l**4/4 - l**3/3 + 2*l**2 - 3*l + 7. List the prime factors of w(3).
3
Suppose 0 = -3*b + 3, -12 = -l + 3*b + 12. Suppose -43 = -3*i + 4*u, 7 = -4*i - 4*u + l. List the prime factors of i.
3
Suppose 4*v + 16 = 0, 2*v - 16 = -4*t + 6*v. Suppose 4*p - 12 = -d, 0 = -t*d + 3*d - 5*p - 70. What are the prime factors of d?
2, 5
Let q be 1/(1/6*-1). List the prime factors of 26/q*(-18)/6.
13
Let o(n) = n**2 + 5*n - 2. Let d = 0 + -8. What are the prime factors of o(d)?
2, 11
Suppose 4*x - 5 = 7. Suppose -x*c - c + 48 = 0. What are the prime factors of c?
2, 3
Suppose -u + 9 = -8. What are the prime factors of u?
17
Let q be 2/(-13) - 360/26. Let c(l) = 4*l + 4. Let n be c(4). Let t = q + n. List the prime factors of t.
2, 3
Let y = 3 + 1. Let z = 13 + y. List the prime factors of z.
17
Suppose -6 = 2*o + 3*n, 2*o - 4*n = -0*o - 34. Let d = o + 17. List the prime factors of d.
2
Let s be 4*((-27)/(-2) - -3). Let j = -33 + s. Suppose -4*r = -7*r + j. List the prime factors of r.
11
Let p(a) be the second derivative of 5*a**3/6 + 3*a**2/2 + a. Let g be p(-2). Let y = g - -18. What are the prime factors of y?
11
List the prime factors of (-8)/(-3)*-57*2/(-4).
2, 19
Let g = 5 + 0. Suppose 2*v = -3*d + 111, g*d = 2*d - 4*v + 117. List the prime factors of d.
5, 7
Let k(x) be the second derivative of x**4/4 + x**2/2 + x. Let h be k(1). Let r(c) = c + 2. What are the prime factors of r(h)?
2, 3
Let a(y) = -y**2 - 3*y - 2. Let j be a(-4). Let p be -1 + (3 + j)/3. Let g(q) = -q**3 - q**2 + 2*q + 3. What are the prime factors of g(p)?
3
Suppose 8 = 3*h - 2*w, -h = w + 4*w - 31. What are the prime factors of 3 - (3 - (h - 1))?
5
Suppose -2*v - v - 4*m + 87 = 0, -3*m = 0. List the prime factors of v.
29
Let d = 11 + -6. Suppose -4*v + 5*w + 34 + 2 = 0, 5*w = -d*v. Suppose -v = -6*o + 5*o. What are the prime factors of o?
2
Suppose -8 - 16 = -2*z. Suppose -5*a = -z - 53. What are the prime factors of a?
13
Let y = -2 + -3. Let n(l) = -l**3 - 5*l**2 - l - 2. Let h be n(y). Suppose -k + 4*d = -1, k - 34 = -h*k + d. What are the prime factors of k?
3
Let o(n) = 32*n - 18. List the prime factors of o(9).
2, 3, 5
Let x(n) = -9*n**2 - n. Let p be x(-1). Let b(w) = -2*w + 3. What are the prime factors of b(p)?
19
Suppose 7*j - 132 = -4*j. What are the prime factors of j?
2, 3
Let u(s) = -2*s + 2. Let q be u(-2). Suppose 0 = -3*b + q*b - 12. List the prime factors of b.
2
Let v(k) = -10*k - 3. Let p(b) = 3*b + 1. Let a(t) = -14*p(t) - 4*v(t). Let i be a(-2). Suppose i*u - 9 = 9. List the prime factors of u.
3
Suppose 2*n - 4 = -0*n. Suppose n*v = 5*z - 227, 3*z - 2*v - 125 = 2*v. List the prime factors of z.
47
Suppose 4*a = 3*i - 19, -2*a = 3*i + 3*a - 10. Suppose -5*h - 125 = -310. Suppose 75 = 4*u - 5*w + 19, -2*w = i*u - h. List the prime factors of u.
3
What are the prime factors of 23 + 0 + 16/(-8)?
3, 7
Let n = 28 + -15. List the prime factors of n.
13
Let d = -117 + 177. Suppose 3*s + 3*l = d, -3*l = -4*s - 2*l + 70. List the prime factors of s.
2, 3
Let w = 95 - 0. What are the prime factors of w?
5, 19
Let y(h) = -h - 2. List the prime factors of y(-4).
2
Suppose -2*l - 2 = -l. Let m = l + 7. Suppose 5*u + m*a = -13 + 83, 0 = -u + a + 6. What are the prime factors of u?
2, 5
Let u(k) = -4*k**2 - 9*k + 1. Let s(m) = -5*m**2 - 9*m. Let c(q) = 5*s(q) - 6*u(q). List the prime factors of c(4).
2, 7
Suppose 0 = -0*d + 5*d - 5*f - 25, -d - 4*f - 10 = 0. Suppose 9 = -d*v + v + 3*o, -4*o + 4 = -4*v. List the prime factors of v.
3
Suppose -4*v - 3*q = -v + 30, 4*q = -3*v - 33. Suppose 5*i + 5 = 0, 4*i + 0*i = -5*a - 59. Let p = v - a. List the prime factors of p.
2
Let q = -6 + 4. Let x = 14 + q. What are the prime factors of x?
2, 3
Let y = 8 + -8. List the prime factors of 3*(34/6 - y).
17
Let a = -36 - -52. Suppose 3*t - 2 = -5*p, 12 = 5*t + 2*p + 2*p. Suppose t*v - 40 = a. List the prime factors of v.
2, 7
Let p(z) = z**2 + 5*z. Let y be p(-9). Let v be (-2)/(6/(-9)) - 1. Suppose -v*u + y = u. List the prime factors of u.
2, 3
Suppose -3*i + 291 = 3*c, 0 = c + 2*c. List the prime factors of i.
97
Suppose 4*c = 6 + 2. Suppose 0 = -0*u + c*u. Suppose -7*m + 2*m + b + 30 = u, -b - 2 = -m. What are the prime factors of m?
7
Let m(h) = h**3 - 5*h**2 + 1. Let s be m(5). Let j be 16/(-20)*-5*s. Suppose -3*x + j*x + 13 = 3*q, 4*q - 12 = 4*x. What are the prime factors of q?
5
Suppose -3*r - 5*t + 74 = -0, -r - t = -26. List the prime factors of r.
2, 7
Let h = 86 + -61. Let t = -17 + h. List the prime factors of t.
2
Let k(x) = x**2 - 6*x - 1. Suppose -2*q + 28 - 8 = 0. List the prime factors of k(q).
3, 13
Let y(l) = l**2 + 16*l + 19. Let s be y(-15). Suppose 25 = -5*u, s*u + 18 + 12 = 5*k. What are the prime factors of k?
2
What are the prime factors of 20/3 - (-22)/(-33)?
2, 3
Let o(h) be the first derivative of h**4/4 + 2*h**3 + 2*h**2 + 4*h - 4. What are the prime factors of o(-5)?
3
Suppose 5*l = y + 24 - 10, 3*l - y - 10 = 0. Suppose -p = -l*p - 13. Let s = 27 + p. List the prime factors of s.
2, 7
Let g be 2*1 + (6 - 4). List the prime factors of 10/(-2*(-1)/g).
2, 5
Suppose 0 = -5*a, 5*o + 4*a = 2*o + 6. Let j(s) = -s - 1. Let x be j(-4). Suppose o*u - 15 = -x*u. List the prime factors of u.
3
Let s = 46 + 9. What are the prime factors of s?
5, 11
Let m = 0 - 0. Suppose m = -3*o + 3 + 12. What are the prime factors of o?
5
Let f(v) = v**2 + 3*v + 1. Let x be f(-4). Suppose -x*j - 13 = -53. What are the prime factors of j?
2
Let p(v) = 4*v + 5. Let l(q) = -q - 1. Let d(x) = -4*l(x) - 2*p(x). What are the prime factors of d(-7)?
2, 11
Let x = 90 + 13. List the prime factors of x.
103
Let h(n) = -46*n**2 + 6*n - 1. Let a(d) = 45*d**2 - 5*d. Let t(k) = 3*a(k) + 2*h(k). List the prime factors of t(-1).
2, 11
Suppose 4*g - 16 = 4*o - 3*o, -3*g + 1 = 2*o. Let q(d) = d**3 - d**2 + 4. What are the prime factors of q(g)?
2, 11
Let h(m) = 3*m - 1. Let v(w) = w - 1. Let s(x) = -h(x) + 2*v(x). Let p(c) = -5*c + 1. Let j(g) = -p(g) + 3*s(g). What are the prime factors of j(5)?
2, 3
Let y be 0/3 - 12/(-4). Suppose 2*c - 2*t = 34, -2*c - y*t - 2*t + 13 = 0. List the prime factors of c.
2, 7
What are the prime factors of (1 - -4) + 14 - (-4)/2?
3, 7
Let z(d) = -d**2 - 14*d - 3. What are the prime factors of z(-11)?
2, 3, 5
Let j be 0 + 0 + 1 + -1. Suppose -p = j, 2*g - p - 12 = -g. What are the prime factors of (g/(-6))/(8/(-36))?
3
Let n(s) = -4*s**3 + 4*s**2 + 2*s - 2. What are the prime factors of n(-2)?
2, 3, 7
Let o(c) = 2*c. Suppose 10 + 2 = 2*j. What are the prime factors of o(j)?
2, 3
Let k(f) = -f**2 - 4*f. Let j be -1*2 - 4/4. Let i be k(j). Suppose u - 8 = -2*m, m + i*u - 18 = -3*m. List the prime factors of m.
3
Let k be (-21)/(-2) - 6/(-4). Let l = 27 - k. What are the prime factors of l?
3, 5
Suppose 0 = 3*j - 3*z - 90, -j - j + 35 = 3*z. Suppose -5*h = -0*h + j. What are the prime factors of 1/h - (-32)/10?
3
Let z(l) = -l**3 - 8*l - 3 + 0*l**3 + 12*l**2 - 2*l. Suppose 60 = 5*v - 0*y - y, 4*v - y = 49. List the prime factors of z(v).
2
Let i be ((-12)/(-21))/(6/21). Let f(r) = 10*r*